{"id":45,"date":"2025-02-03T20:43:39","date_gmt":"2025-02-03T19:43:39","guid":{"rendered":"https:\/\/july-studio.com\/?page_id=45"},"modified":"2025-11-24T22:25:37","modified_gmt":"2025-11-24T21:25:37","slug":"about","status":"publish","type":"page","link":"https:\/\/july-studio.com\/index.php\/about\/","title":{"rendered":"about"},"content":{"rendered":"<div class=\"wpb-content-wrapper\"><p>[vc_row unlock_row_content=&#8221;yes&#8221; row_height_percent=&#8221;0&#8243; override_padding=&#8221;yes&#8221; h_padding=&#8221;0&#8243; top_padding=&#8221;0&#8243; bottom_padding=&#8221;0&#8243; back_color=&#8221;color-jevc&#8221; overlay_alpha=&#8221;50&#8243; gutter_size=&#8221;3&#8243; column_width_percent=&#8221;100&#8243; shift_y=&#8221;0&#8243; z_index=&#8221;0&#8243; content_parallax=&#8221;0&#8243; uncode_shortcode_id=&#8221;437695&#8243; back_color_type=&#8221;uncode-palette&#8221;][vc_column column_width_percent=&#8221;100&#8243; position_vertical=&#8221;middle&#8221; gutter_size=&#8221;0&#8243; overlay_alpha=&#8221;50&#8243; shift_x=&#8221;0&#8243; shift_y=&#8221;0&#8243; shift_y_down=&#8221;0&#8243; z_index=&#8221;0&#8243; medium_width=&#8221;0&#8243; mobile_width=&#8221;0&#8243; width=&#8221;1\/2&#8243; uncode_shortcode_id=&#8221;205042&#8243;][vc_column_text uncode_shortcode_id=&#8221;160271&#8243; text_color_type=&#8221;uncode-solid&#8221; text_color_solid=&#8221;#ffffff&#8221; el_class=&#8221;white-text&#8221;]<\/p>\n<h1 style=\"text-align: center;\">Drawing is<br \/>\nmy way<br \/>\nof writing :<br \/>\nironic,<br \/>\npoetic,<br \/>\nand mostly black.<\/h1>\n<p>[\/vc_column_text][\/vc_column][vc_column column_width_percent=&#8221;100&#8243; position_vertical=&#8221;middle&#8221; align_horizontal=&#8221;align_center&#8221; gutter_size=&#8221;3&#8243; overlay_alpha=&#8221;50&#8243; shift_x=&#8221;0&#8243; shift_y=&#8221;0&#8243; shift_y_down=&#8221;0&#8243; z_index=&#8221;0&#8243; medium_width=&#8221;0&#8243; mobile_width=&#8221;0&#8243; width=&#8221;1\/2&#8243; uncode_shortcode_id=&#8221;131603&#8243;][vc_single_image media=&#8221;542&#8243; media_width_percent=&#8221;70&#8243; alignment=&#8221;center&#8221; uncode_shortcode_id=&#8221;998156&#8243;][\/vc_column][\/vc_row][vc_row][vc_column width=&#8221;1\/1&#8243;][vc_column_text uncode_shortcode_id=&#8221;794388&#8243;]<strong>Artiste fran\u00e7aise, je cr\u00e9e des illustrations en noir et blanc \u2014 toujours ponctu\u00e9es d\u2019une touche de rouge, d\u2019ironie, de po\u00e9sie et de r\u00eave.<\/strong><br data-start=\"261\" data-end=\"264\" \/><strong>Issue du monde de la mode et de la communication, j\u2019aime inventer des histoires qui interrogent la soci\u00e9t\u00e9, invitent \u00e0 r\u00eaver et, surtout, font rire.<\/strong><br data-start=\"412\" data-end=\"415\" \/><strong>Car l\u2019humour est ce qu\u2019il nous reste pour affronter le monde.<\/strong>[\/vc_column_text][vc_column_text uncode_shortcode_id=&#8221;172409&#8243;]French artist, I create black-and-white illustrations \u2014 always punctuated with a touch of red, irony, poetry and dream.<br data-start=\"218\" data-end=\"221\" \/>Coming from the world of fashion and communication, I like to invent stories that question society, invite people to dream and, above all, make them laugh.<br data-start=\"376\" data-end=\"379\" \/>Because humour is what we have left to face the world.[\/vc_column_text][\/vc_column][\/vc_row]<\/p>\n<\/div>","protected":false},"excerpt":{"rendered":"<p>[vc_row unlock_row_content=&#8221;yes&#8221; row_height_percent=&#8221;0&#8243; override_padding=&#8221;yes&#8221; h_padding=&#8221;0&#8243; top_padding=&#8221;0&#8243; bottom_padding=&#8221;0&#8243; back_color=&#8221;color-jevc&#8221; overlay_alpha=&#8221;50&#8243; gutter_size=&#8221;3&#8243; column_width_percent=&#8221;100&#8243; shift_y=&#8221;0&#8243; z_index=&#8221;0&#8243; content_parallax=&#8221;0&#8243; uncode_shortcode_id=&#8221;437695&#8243; back_color_type=&#8221;uncode-palette&#8221;][vc_column column_width_percent=&#8221;100&#8243; position_vertical=&#8221;middle&#8221; gutter_size=&#8221;0&#8243; overlay_alpha=&#8221;50&#8243; [&hellip;]<\/p>\n","protected":false},"author":1,"featured_media":0,"parent":0,"menu_order":0,"comment_status":"closed","ping_status":"closed","template":"","meta":{"footnotes":""},"class_list":["post-45","page","type-page","status-publish","hentry"],"_links":{"self":[{"href":"https:\/\/july-studio.com\/index.php\/wp-json\/wp\/v2\/pages\/45","targetHints":{"allow":["GET"]}}],"collection":[{"href":"https:\/\/july-studio.com\/index.php\/wp-json\/wp\/v2\/pages"}],"about":[{"href":"https:\/\/july-studio.com\/index.php\/wp-json\/wp\/v2\/types\/page"}],"author":[{"embeddable":true,"href":"https:\/\/july-studio.com\/index.php\/wp-json\/wp\/v2\/users\/1"}],"replies":[{"embeddable":true,"href":"https:\/\/july-studio.com\/index.php\/wp-json\/wp\/v2\/comments?post=45"}],"version-history":[{"count":27,"href":"https:\/\/july-studio.com\/index.php\/wp-json\/wp\/v2\/pages\/45\/revisions"}],"predecessor-version":[{"id":544,"href":"https:\/\/july-studio.com\/index.php\/wp-json\/wp\/v2\/pages\/45\/revisions\/544"}],"wp:attachment":[{"href":"https:\/\/july-studio.com\/index.php\/wp-json\/wp\/v2\/media?parent=45"}],"curies":[{"name":"wp","href":"https:\/\/api.w.org\/{rel}","templated":true}]}}